).
-9
Let n(o) be the second derivative of -o**5/60 + o**4/24 - 2*o**3/3 - o**2 - 3*o. Let m(l) be the first derivative of n(l). Determine m(0).
-4
Let w(u) = 2*u**2 + 3*u**2 - 2*u**2 - 4*u**2 + 2 - 2*u. What is w(2)?
-6
Let m(y) = -149 + y**2 + 150 + 5*y - 2*y. Suppose t + 2 + 1 = -3*p, 3*p = t - 3. What is m(p)?
-1
Let z(r) = 1 + 2 - 4 - r - r. Give z(4).
-9
Let q(u) = -u**2 + 9*u - 11. Let s = 62 - 54. What is q(s)?
-3
Let p(z) = -6 + 1 + z + z**2 + 6. Determine p(-1).
1
Suppose 4*l - 27*h = -25*h + 32, 4*l - 12 = -3*h. Suppose 4*k - 6 = k. Let w(j) = 3*j**k - 1 + j**3 - 9*j**2 + 2. Calculate w(l).
1
Let g(h) = -17*h - 147. Let j be g(-9). Let t(m) = 3*m**3 + 7*m**2 - m - 1. Let c(u) = 7*u**3 + 14*u**2 - u - 2. Let p(k) = -4*c(k) + 9*t(k). Determine p(j).
5
Let t(l) be the first derivative of l**2 - 4*l - 14. Give t(5).
6
Let p = -25 + 41. Suppose -5*g - 9 = -d + 2*d, -5*d - p = -4*g. Let w(i) = -i**2 - i - 1. Calculate w(g).
-1
Suppose -4*j = -2*p - 6, 5*p - 6 = 4*j + 3. Suppose t - 3*s = 4, -3*t - 3*s = -4*s - j. Let y(l) = -6 + 5*l - l**3 + t - 8*l - 4*l**2. What is y(-4)?
7
Suppose -3*f = -3*w + w + 28, 5*f - w + 42 = 0. Let j(b) = -b**2 - 9*b - 12. Calculate j(f).
-4
Let u(r) be the third derivative of r**5/12 + r**4/24 + r**3/2 + 3*r**2. Let c(o) be the first derivative of u(o). What is c(-1)?
-9
Let d(v) be the first derivative of -5*v**4/24 - 5*v**2/2 - 5. Let k(w) be the second derivative of d(w). What is k(1)?
-5
Suppose 2*t - 2 = 3*t. Suppose -26 = 2*p - 10. Let g = p - t. Let q(y) = -y**3 - 6*y**2 - 1. Calculate q(g).
-1
Let r(u) = -5*u**2 - 2*u - 3. Let b = 14 - 19. Let q(t) = -2*t**2 - t - 2. Let j(a) = b*q(a) + 3*r(a). Calculate j(1).
-5
Let h = 4 + 2. Let z(p) = -p + 10. Let q be z(h). Let s(f) = -f + 3. Determine s(q).
-1
Let w(c) be the second derivative of 0 + 1/2*c**2 - 1/2*c**4 + 0*c**3 - 3*c. Calculate w(1).
-5
Let z(a) = 3*a**2 - 2*a + 7. Let m(j) = j**2 - j + 3. Let c(g) = -5*m(g) + 2*z(g). What is c(1)?
1
Let p = 5 - 4. Let u be p + (0 - -2) + -1. Suppose 3*l - 18 = x, -6*l = -l + u*x - 19. Let z(j) = j**3 - 4*j**2 - 5*j - 6. Give z(l).
-6
Let p(f) be the third derivative of 0*f**3 + 0 + 0*f - 1/6*f**4 + 4*f**2. Give p(-1).
4
Let s be (9/(-6))/((-3)/(-4)). Let v(b) = b + 2. Let i(z) = z + 2. Let t(p) = -2*i(p) + 3*v(p). Determine t(s).
0
Let g(t) = -t**3 - 9*t**2 + 11*t + 14. Let a be g(-10). Let l(y) = 6 + 0*y - a + 7*y. Determine l(-2).
-12
Let c(o) = 5*o + 1 - 3*o + 0*o + o**3 - 3*o. Let u be c(1). Let w(q) = -6*q**2 - q + 1. Determine w(u).
-6
Let m(h) be the third derivative of -1/24*h**4 + h**2 + 1/6*h**3 + 0*h + 1/60*h**5 - 1/120*h**6 + 0. Suppose -v - 5*u - 10 = 0, -2*u = 1 + 3. Determine m(v).
1
Let l(t) = t**3 - 6*t**2 + 11*t - 4. Let p(o) = 5*o - 8 + 0*o - 12*o**2 + 2*o + 16*o + 2*o**3. Let d(b) = -9*l(b) + 4*p(b). What is d(5)?
-6
Let c be (-4)/14 - (-45)/35. Let q(y) = 5*y**2 + 2*y - 1. Let p(o) = -15*o**2 - 7*o + 3. Let d(m) = -2*p(m) - 7*q(m). What is d(c)?
-4
Let u(g) = -g**3 + 5*g**2 + 6*g + 5. Suppose 20 = -0*p + 5*p. Let w be (-1 - -4 - p) + 7. Determine u(w).
5
Suppose 0 = w + 5. Let q(l) = -l**3 - 5*l**2 - 2*l - 4. Determine q(w).
6
Let j(r) = 2*r - 4*r + 3*r. Give j(-1).
-1
Let d(u) be the first derivative of -u**7/840 - u**6/60 - u**5/24 - u**4/4 - 2*u**3/3 + 2. Let v(x) be the third derivative of d(x). Calculate v(-5).
-6
Let y(w) = -1 + w + 3*w - 2*w. Give y(-2).
-5
Suppose -1 - 1 = 2*i, -4*i - 7 = b. Let a(n) = -11*n + 20. Let l(h) = 4*h - 7. Let r(p) = b*a(p) - 8*l(p). Give r(6).
2
Suppose 5*b - 5 = 5*z, 4 = 4*b - 0. Let n = 5 + z. Let w(a) = a**2 - 6*a - 1. What is w(n)?
-6
Let t(a) = a**2 - 11*a + 11. Suppose 8*n = 33 + 31. Determine t(n).
-13
Suppose 0 = 5*s - 3*t + 37, -2*t = 4*s - s + 7. Let w(n) be the second derivative of -n**4/12 - 2*n**3/3 + 2*n**2 + n. Calculate w(s).
-1
Let h(y) = 2*y - 4 + y**2 + 4. Suppose -3*z - 6 = -2*v, 2*z + 0*v + 2*v + 4 = 0. Determine h(z).
0
Let v(t) = t**3 + 3*t**2 - 4*t - 6. Suppose 11 + 9 = -5*j. What is v(j)?
-6
Let z(h) be the third derivative of h**4/24 + h**3/3 - 38*h**2. Suppose 5*c = -4*m + 19, 3 = c + 2*m - 2. Suppose -j = 1 - c. Calculate z(j).
4
Let f(a) = -2*a. Suppose 4*x + 24 = -s, -4*x + s - 18 = -2. Determine f(x).
10
Let j(i) = -i - 4. Let f(s) be the second derivative of -s**5/20 + 7*s**4/12 - 2*s**3/3 - 3*s**2 - s. Let g be f(6). Suppose q + q = -g. Calculate j(q).
-1
Let y = -9 - -14. Let x = 2 - y. Let t(v) = v + 4. Calculate t(x).
1
Let z(c) = -4*c**2 - 6*c + 2. Let m(s) = 3*s**2 + 5*s - 1. Let f(w) = -3*m(w) - 2*z(w). Give f(-4).
-5
Let u(p) = -4*p**2 + 1. Let n(y) = y**2 - 2*y - 2. Let k(z) = z**3 + 7*z**2 + 4. Let i be k(-7). Let s be n(i). Let l = -7 + s. What is u(l)?
-3
Let i = -3 + 0. Let h = -6 - -8. Let f(w) = -2*w**h - 2 - 3*w - w**3 - w - 2*w**2. What is f(i)?
1
Let s(x) be the second derivative of x + 1/2*x**2 - 5/3*x**3 + 0. Let f(k) = k**2 - 12*k + 12. Let u be f(11). Calculate s(u).
-9
Let d(q) = 3*q - 3. Let w(c) = c**3 - 8*c**2 - 10*c + 11. Let k(h) = h + 25. Let p be k(-16). Let v be w(p). Give d(v).
3
Let o(n) = n**2 - 4*n - 1. Let g(k) = -k - 6. Suppose -t + 0*j - 7 = j, -3*t + 3*j = 27. Let r be g(t). Suppose 0 = 2*z - r - 6. Determine o(z).
-1
Let y(r) be the third derivative of -r**7/280 + r**5/120 + r**4/8 - r**2. Let f(u) be the second derivative of y(u). What is f(1)?
-8
Let h(w) = 7*w**2 - w - 2. Let z(j) = 6*j**2 - j - 1. Let k(a) = 5*h(a) - 6*z(a). Calculate k(0).
-4
Suppose 4 = 4*k - 2*k. Let f(q) = q**2 + 24 - 2*q - 3*q**k - 25. What is f(-3)?
-13
Let x(p) = -1 - 8*p - 7*p + 14*p - 7*p. Determine x(-2).
15
Suppose 45 = 3*a - 0*a. Suppose -5*r + 18 = -0*r + n, 0 = -3*r - 2*n + a. Let i be (0 - 0) + r + -1. Let m(y) = -2*y - 1. Determine m(i).
-5
Let w be ((-1)/3)/(4/(-30)). Let q(k) be the first derivative of 1/3*k**3 + 3*k + 2 - w*k**2. What is q(3)?
-3
Suppose -a = 5 - 4. Let h(r) = -r**2 + 1. What is h(a)?
0
Let x(m) = -3*m - 23. Let t(z) = z + 11. Let c(v) = 7*t(v) + 3*x(v). What is c(9)?
-10
Let y(f) be the third derivative of -f**4/12 - f**3/3 - 4*f**2. Calculate y(-3).
4
Let p(i) be the first derivative of 1/6*i**3 - 1 - i - 1/12*i**4 - 1/2*i**2. Let u(b) be the first derivative of p(b). Determine u(2).
-3
Let q = 12 + -3. Let h be q/(-5) - (-2)/(-10). Let w(l) = -l**3 - 2*l**2 - 3*l - 3. Give w(h).
3
Let t(l) be the second derivative of -l**5/20 - l**4/2 - 5*l**3/6 + 3*l**2/2 - 37*l. Give t(-4).
-9
Let y = 15 + 11. Suppose 0 = 3*w - 2*z - 2*z - 20, 0 = -4*w + 5*z + y. Let v(j) = 0*j**2 + j + 5*j - 5*j**2 - 3*j + 2 + j**3. What is v(w)?
-2
Let l(d) = 3*d**2 - 5*d + 10. Let x(z) = 2*z**2 - 2*z + 5. Suppose -4*t = -5*m - 3, 4*t - 2*m + 7*m + 27 = 0. Let h(v) = t*l(v) + 5*x(v). What is h(-5)?
-5
Suppose -2*h + 32 = 2*h. Suppose -7 - h = 5*p. Let z(r) = r**3 + 3*r**2 - r - 1. Determine z(p).
2
Let a(v) be the first derivative of -v**6/360 - v**5/40 + v**4/12 + v**3/3 + 2. Let l(t) be the third derivative of a(t). Calculate l(-4).
-2
Let o(a) = a + 3. Let t(r) = -r**3 + 6*r**2 - 3*r - 15. Let j be t(4). Calculate o(j).
8
Let v(w) = 1. Let p(q) = 2. Let s(t) = -4*p(t) + 9*v(t). Let h(b) = -b + 1. Let d(g) = h(g) + 3*s(g). Give d(-5).
9
Let l(v) = 2*v - 5. Let r(d) = -1. Let h(q) = l(q) + 4*r(q). Calculate h(9).
9
Let q(d) = 4*d**2 - 2*d - 1. Let t(l) = l**2 - 1. Let o(j) = -q(j) + 3*t(j). Give o(4).
-10
Let m be 2/(-5) + (-7)/(-5). Let f(u) = 2*u - 4*u + 0*u + u - m. Determine f(-6).
5
Let i be 3/9 + (-12)/9. Let y(b) be the third derivative of b**6/40 - b**5/60 + b**4/24 + b**3/6 + b**2. Let l be y(i). Let q(u) = -u + 2. What is q(l)?
6
Let q(p) = 2*p**2 + 12*p + 11. Let y be q(-5). Let c(o) be the second derivative of o**5/5 - o**4/6 + o**3/3 - o**2/2 + o. Calculate c(y).
3
Suppose 0 = 21*f - 18*f. Let y(j) be the second derivative of j**4/12 - 5*j**2/2 - j. Give y(f).
-5
Let u = -1 - -3. Let r(l) = 2*l**3 + 6*l**2 - 7*l**3 + u*l - 5 + 4*l**3. Give r(6).
7
Let k = 16 + -10. Let w(p) = p**2 - 5*p - 4. Determine w(k).
2
Let x(d) = 2*d**2 - 21*d + 8. Let o(k) = k**2 - 10*k + 4. Let w(g) = 9*o(g) - 4*x(g). Let a be w(3). Let f(z) = -z**2 - 4*z + 1. Give f(a).
-4
Let t(x) be the second derivative of -x**4/12 - x**3/6 + x**2 - 7*x. What is t(-2)?
0
Let w be (-4 - -2) + -4*20/(-16). Let a(r) be the f